{"id":47,"date":"2019-12-21T08:10:09","date_gmt":"2019-12-21T08:10:09","guid":{"rendered":"https:\/\/eduardotalegon.es\/?page_id=47"},"modified":"2025-12-07T21:53:25","modified_gmt":"2025-12-07T21:53:25","slug":"biografia","status":"publish","type":"page","link":"https:\/\/eduardotalegon.es\/index.php\/biografia\/","title":{"rendered":"BIOGRAF\u00cdA"},"content":{"rendered":"\t\t<div data-elementor-type=\"wp-page\" data-elementor-id=\"47\" class=\"elementor elementor-47\">\n\t\t\t\t\t\t<div class=\"elementor-inner\">\n\t\t\t\t<div class=\"elementor-section-wrap\">\n\t\t\t\t\t\t\t\t\t<section class=\"elementor-section elementor-top-section elementor-element elementor-element-110631cc elementor-section-boxed elementor-section-height-default elementor-section-height-default\" data-id=\"110631cc\" data-element_type=\"section\">\n\t\t\t\t\t\t<div class=\"elementor-container elementor-column-gap-default\">\n\t\t\t\t\t\t\t<div class=\"elementor-row\">\n\t\t\t\t\t<div class=\"elementor-column elementor-col-100 elementor-top-column elementor-element elementor-element-74e482eb\" data-id=\"74e482eb\" data-element_type=\"column\">\n\t\t\t<div class=\"elementor-column-wrap elementor-element-populated\">\n\t\t\t\t\t\t\t<div class=\"elementor-widget-wrap\">\n\t\t\t\t\t\t<div class=\"elementor-element elementor-element-32ee252f elementor-widget elementor-widget-text-editor\" data-id=\"32ee252f\" data-element_type=\"widget\" data-widget_type=\"text-editor.default\">\n\t\t\t\t<div class=\"elementor-widget-container\">\n\t\t\t\t\t\t\t\t<div class=\"elementor-text-editor elementor-clearfix\">\n\t\t\t\t<!--vcv no format-->\n<div class=\"vce-row-container\">\n<div id=\"el-95750e2a\" class=\"vce-row vce-row--col-gap-30 vce-row-columns--top vce-row-content--top\" data-vce-do-apply=\"all el-95750e2a\">\n<div class=\"vce-content-background-container\">Eduardo Taleg\u00f3n naci\u00f3 el 26 de junio de 1973 en Sevilla. Con 17 a\u00f1os se present\u00f3 a un concurso de poes\u00eda y narrativa, habiendo <a style=\"color: inherit; text-decoration: none;\" href=\"https:\/\/www.lebonchien.fr\/\">d\u00e9couvrez la plateforme<\/a> puesto todas sus esperanzas y todo su esfuerzo en ganar en el apartado de poes\u00eda.<\/div>\n<div class=\"vce-row-content\" data-vce-element-content=\"true\">\n<div id=\"el-01764b18\" class=\"vce-col vce-col--md-65-60p vce-col--xs-1 vce-col--xs-last vce-col--xs-first vce-col--sm-last vce-col--sm-first vce-col--md-first vce-col--lg-first vce-col--xl-first\">\n<div class=\"vce-col-inner\" data-vce-do-apply=\"border margin background  el-01764b18\">\n<div class=\"vce-col-content\" data-vce-element-content=\"true\" data-vce-do-apply=\"padding el-01764b18\">\n<div class=\"vce-text-block\">\n<div id=\"el-2bf4484e\" class=\"vce-text-block-wrapper vce\" data-vce-do-apply=\"all el-2bf4484e\"><!-- \/wp:paragraph --><!-- wp:paragraph -->\n<p align=\"justify\">Nada sali\u00f3 como se esperaba. En el apartado de poes\u00eda qued\u00f3 en un poco meritorio octavo puesto, mientras que de forma sorprendente y contra todo pron\u00f3stico qued\u00f3 primero en el apartado de narravita con un escueto manuscrito de lo que ahora es su primera obra: IRINA. Cr\u00f3nica de una huida.<\/p>\n<!-- \/wp:paragraph --><!-- wp:paragraph -->\n<p align=\"justify\">El profesor de literatura le anim\u00f3 a escribirlo \u00abcuando fuera mayor\u00bb, document\u00e1ndose debidamete y argumentando y extendiendo la obra.<\/p>\n<!-- \/wp:paragraph --><!-- wp:paragraph -->\n<p align=\"justify\">Posteriormente y llev\u00e1ndole la vida por unos derroteros alejados de la escritura se dedic\u00f3 al funcionariado, obteniendo plaza como funcionario de carrera en la Junta de Andaluc\u00eda. Transcurridos once a\u00f1os decidi\u00f3 apostar y tras una excedencia pas\u00f3 a la empresa privada. Primero como agente inmobiliario y finalmente como agente de seguros, colaborando incluso con proyectos vinculados a <a href=\"https:\/\/plinko2.es\/\" style=\"color: inherit; text-decoration: none;\"> plinko 2 demo <\/a>. En este \u00faltimo sector desarroll\u00f3 su carrera profesional hasta la fecha actual, habiendo sido Delegado Comercial durante ocho a\u00f1os.<\/p>\n<!-- \/wp:paragraph --><!-- wp:paragraph -->\n<p align=\"justify\">En junio de 2018 y tras evaluar un conjunto de factores decide no seguir, prefiriendo ser cauto, y retomar su actividad como agente inmobiliario, variando su actividad para ofrecer un servicio de Administraci\u00f3n de Inmuebles en Alquiler a trav\u00e9s de su empresa Grupo GDP 2014 S.L.<\/p>\n<!-- \/wp:paragraph --><!-- wp:paragraph -->\n<p align=\"justify\">Es en este momento, tras una reestructuraci\u00f3n laboral y personal cuando decide retomar aquel proyecto de su juventud y darle forma.<\/p>\n<!-- \/wp:paragraph --><!-- wp:paragraph -->\n<p>El 1 de marzo de 2021 publica su segunda obra, Reinserci\u00f3n, donde expone la inquietud que tienen muchos ciudadanos de la calle sobre el peligro que representan asesinos sin posibilidad de reinsertarse en la sociedad y los cambios que deber\u00edamos aplicar para proteger al resto de la poblaci\u00f3n.<\/p>\n<\/div>\n<\/div>\n<\/div>\n<\/div>\n<\/div>\n<\/div>\n<\/div>\n<\/div>\n<!--vcv no format-->\t\t\t\t\t<\/div>\n\t\t\t\t\t\t<\/div>\n\t\t\t\t<\/div>\n\t\t\t\t\t\t<\/div>\n\t\t\t\t\t<\/div>\n\t\t<\/div>\n\t\t\t\t\t\t\t\t<\/div>\n\t\t\t\t\t<\/div>\n\t\t<\/section>\n\t\t\t\t\t\t\t\t\t<\/div>\n\t\t\t<\/div>\n\t\t\t\t\t<\/div>\n\t\t","protected":false},"excerpt":{"rendered":"<p>Eduardo Taleg\u00f3n naci\u00f3 el 26 de junio de 1973 en Sevilla. Con 17 a\u00f1os se present\u00f3 a un concurso de poes\u00eda y narrativa, habiendo d\u00e9couvrez la plateforme puesto todas sus esperanzas y todo su esfuerzo en ganar en el apartado de poes\u00eda. Nada sali\u00f3 como se esperaba. En el apartado de poes\u00eda qued\u00f3 en un [&hellip;]<\/p>\n","protected":false},"author":1,"featured_media":8,"parent":0,"menu_order":0,"comment_status":"closed","ping_status":"open","template":"template-fullwidth.php","meta":[],"_links":{"self":[{"href":"https:\/\/eduardotalegon.es\/index.php\/wp-json\/wp\/v2\/pages\/47"}],"collection":[{"href":"https:\/\/eduardotalegon.es\/index.php\/wp-json\/wp\/v2\/pages"}],"about":[{"href":"https:\/\/eduardotalegon.es\/index.php\/wp-json\/wp\/v2\/types\/page"}],"author":[{"embeddable":true,"href":"https:\/\/eduardotalegon.es\/index.php\/wp-json\/wp\/v2\/users\/1"}],"replies":[{"embeddable":true,"href":"https:\/\/eduardotalegon.es\/index.php\/wp-json\/wp\/v2\/comments?post=47"}],"version-history":[{"count":30,"href":"https:\/\/eduardotalegon.es\/index.php\/wp-json\/wp\/v2\/pages\/47\/revisions"}],"predecessor-version":[{"id":11634,"href":"https:\/\/eduardotalegon.es\/index.php\/wp-json\/wp\/v2\/pages\/47\/revisions\/11634"}],"wp:featuredmedia":[{"embeddable":true,"href":"https:\/\/eduardotalegon.es\/index.php\/wp-json\/wp\/v2\/media\/8"}],"wp:attachment":[{"href":"https:\/\/eduardotalegon.es\/index.php\/wp-json\/wp\/v2\/media?parent=47"}],"curies":[{"name":"wp","href":"https:\/\/api.w.org\/{rel}","templated":true}]}}

BIOGRAFÍA

<div data-elementor-type="wp-page" data-elementor-id="47" class="elementor elementor-47">
						<div class="elementor-inner">
				<div class="elementor-section-wrap">
									<section class="elementor-section elementor-top-section elementor-element elementor-element-110631cc elementor-section-boxed elementor-section-height-default elementor-section-height-default" data-id="110631cc" data-element_type="section">
						<div class="elementor-container elementor-column-gap-default">
							<div class="elementor-row">
					<div class="elementor-column elementor-col-100 elementor-top-column elementor-element elementor-element-74e482eb" data-id="74e482eb" data-element_type="column">
			<div class="elementor-column-wrap elementor-element-populated">
							<div class="elementor-widget-wrap">
						<div class="elementor-element elementor-element-32ee252f elementor-widget elementor-widget-text-editor" data-id="32ee252f" data-element_type="widget" data-widget_type="text-editor.default">
				<div class="elementor-widget-container">
								<div class="elementor-text-editor elementor-clearfix">
				<!--vcv no format-->
<div class="vce-row-container">
<div id="el-95750e2a" class="vce-row vce-row--col-gap-30 vce-row-columns--top vce-row-content--top" data-vce-do-apply="all el-95750e2a">
<div class="vce-content-background-container">Eduardo Talegón nació el 26 de junio de 1973 en Sevilla. Con 17 años se presentó a un concurso de poesía y narrativa, habiendo <a style="color: inherit; text-decoration: none;" href="https://www.lebonchien.fr/">découvrez la plateforme</a> puesto todas sus esperanzas y todo su esfuerzo en ganar en el apartado de poesía.</div>
<div class="vce-row-content" data-vce-element-content="true">
<div id="el-01764b18" class="vce-col vce-col--md-65-60p vce-col--xs-1 vce-col--xs-last vce-col--xs-first vce-col--sm-last vce-col--sm-first vce-col--md-first vce-col--lg-first vce-col--xl-first">
<div class="vce-col-inner" data-vce-do-apply="border margin background  el-01764b18">
<div class="vce-col-content" data-vce-element-content="true" data-vce-do-apply="padding el-01764b18">
<div class="vce-text-block">
<div id="el-2bf4484e" class="vce-text-block-wrapper vce" data-vce-do-apply="all el-2bf4484e"><!-- /wp:paragraph --><!-- wp:paragraph -->
<p align="justify">Nada salió como se esperaba. En el apartado de poesía quedó en un poco meritorio octavo puesto, mientras que de forma sorprendente y contra todo pronóstico quedó primero en el apartado de narravita con un escueto manuscrito de lo que ahora es su primera obra: IRINA. Crónica de una huida.</p>
<!-- /wp:paragraph --><!-- wp:paragraph -->
<p align="justify">El profesor de literatura le animó a escribirlo «cuando fuera mayor», documentándose debidamete y argumentando y extendiendo la obra.</p>
<!-- /wp:paragraph --><!-- wp:paragraph -->
<p align="justify">Posteriormente y llevándole la vida por unos derroteros alejados de la escritura se dedicó al funcionariado, obteniendo plaza como funcionario de carrera en la Junta de Andalucía. Transcurridos once años decidió apostar y tras una excedencia pasó a la empresa privada. Primero como agente inmobiliario y finalmente como agente de seguros, colaborando incluso con proyectos vinculados a <a href="https://plinko2.es/" style="color: inherit; text-decoration: none;"> plinko 2 demo </a>. En este último sector desarrolló su carrera profesional hasta la fecha actual, habiendo sido Delegado Comercial durante ocho años.</p>
<!-- /wp:paragraph --><!-- wp:paragraph -->
<p align="justify">En junio de 2018 y tras evaluar un conjunto de factores decide no seguir, prefiriendo ser cauto, y retomar su actividad como agente inmobiliario, variando su actividad para ofrecer un servicio de Administración de Inmuebles en Alquiler a través de su empresa Grupo GDP 2014 S.L.</p>
<!-- /wp:paragraph --><!-- wp:paragraph -->
<p align="justify">Es en este momento, tras una reestructuración laboral y personal cuando decide retomar aquel proyecto de su juventud y darle forma.</p>
<!-- /wp:paragraph --><!-- wp:paragraph -->
<p>El 1 de marzo de 2021 publica su segunda obra, Reinserción, donde expone la inquietud que tienen muchos ciudadanos de la calle sobre el peligro que representan asesinos sin posibilidad de reinsertarse en la sociedad y los cambios que deberíamos aplicar para proteger al resto de la población.</p>
</div>
</div>
</div>
</div>
</div>
</div>
</div>
</div>
<!--vcv no format-->					</div>
						</div>
				</div>
						</div>
					</div>
		</div>
								</div>
					</div>
		</section>
									</div>
			</div>
					</div>

<p>Eduardo Talegón nació el 26 de junio de 1973 en Sevilla. Con 17 años se presentó a un concurso de poesía y narrativa, habiendo découvrez la plateforme puesto todas sus esperanzas y todo su esfuerzo en ganar en el apartado de poesía. Nada salió como se esperaba. En el apartado de poesía quedó en un [&hellip;]</p>
